*m + 5*h - 103 = 8*h, -3*h - 128 = -5*m. Calculate the highest common divisor of 45 and m.
5
Let p(o) = -27*o**3 + 5*o**2 + 5*o. Let q be p(-1). What is the greatest common divisor of q and 5?
1
Let v be (4 + -7)*(-126)/54. Let l(p) = p**3 - 7*p**2 + 2*p. Let o be l(7). What is the greatest common factor of o and v?
7
Suppose -y + 44 = 2*d, 3*y = 5*d + 75 + 57. Let k = 49 - y. What is the highest common factor of k and 35?
5
Let i(q) = 1513*q + 55. Let a be i(1). What is the greatest common divisor of a and 32?
32
Suppose 3*u + 2*f = 54, -5*f = -u - 0*f + 18. Suppose -2*q - 2*i + u = 0, -6 = 2*i - 0. Calculate the highest common divisor of q and 18.
6
Suppose -5*z - 3*b = -402, -2*z - 94 = -3*z - 4*b. What is the highest common factor of 52 and z?
26
Let o be (-3 + 0 + 6)*(-50)/15. Let q be -2*1*245/o. Calculate the highest common divisor of q and 7.
7
Let m = -472 - -577. Let r(z) = -2*z**3 + z**2 - z - 1. Suppose -l - 2 = -0*l. Let j be r(l). What is the greatest common divisor of j and m?
21
Let k be (-4)/4 + -6 + 305 + -1. What is the greatest common divisor of 54 and k?
27
Suppose -14 - 42 = -4*c. Let x = 303 - 65. What is the highest common divisor of c and x?
14
Let b be -4 + 5 + -146 - 0. Let r = 213 + b. Calculate the highest common factor of r and 102.
34
Let z(f) = 55*f - 603. Let m be z(11). Let c = -15 + 22. What is the greatest common divisor of c and m?
1
Let c(r) = r - 33. Let q be c(0). Let b be ((-10)/2 - 2)*q. Suppose -2*o - 95 = -5*t, 4*o = -4*t + o + 99. Calculate the greatest common factor of b and t.
21
Suppose -55 - 244 = -23*r. Let f be 3*((-32)/3 - -2). Let p be (f/(-2) + 0)*11. Calculate the highest common divisor of r and p.
13
Let h be 9/(252/8) - 2230/(-35). What is the highest common factor of 176 and h?
16
Let r = 632 + -582. What is the greatest common divisor of r and 125?
25
Let a be (-30)/(-12) - 931/(-14). Calculate the greatest common divisor of 1725 and a.
69
Let c = -2 - -8. Suppose 2*g + 12 = -4*o, 0*o + o + 2*g + c = 0. Let n be (-2 + 6)/((-1)/o). What is the highest common divisor of 20 and n?
4
Let t = 19 + 46. Suppose -78 = -3*i - 3*k, 5*i + 2*k - 130 = 4*k. What is the highest common factor of t and i?
13
Suppose -12 = 3*f, -5*f + 11 - 371 = -4*t. Let a = t + -78. What is the greatest common divisor of a and 91?
7
Let r(n) = n**2 + 2*n + 5. Let a be r(-4). Let i = a - 24. Let l = i - -18. What is the greatest common divisor of 28 and l?
7
Let f(a) = 3*a + 33. Let s be f(10). What is the highest common divisor of 9 and s?
9
Let q(l) = l**3 - l**2 - l - 1. Let h be q(0). Let s be 1*h - 36/(-9). Let k be -21*((s - 4) + 0). What is the highest common factor of k and 7?
7
Let j(m) = -m**3 - 12*m**2 - 3*m - 22. Let t be j(-11). Let n = t + 113. What is the greatest common divisor of 48 and n?
3
Let t = 1 - -10. Suppose 16*n - t*n - 595 = 0. What is the highest common divisor of n and 17?
17
Suppose 2*h + 40 = -124. Let w = h - -101. What is the greatest common factor of w and 133?
19
Suppose -54*b = -43*b - 1683. What is the greatest common divisor of 34 and b?
17
Let m = -202 + 234. Calculate the greatest common factor of 32 and m.
32
Let l = -1499 + 1786. What is the greatest common factor of 41 and l?
41
Let j = 28 - 50. Let r be j/(-55) - 169*6/(-15). What is the highest common divisor of r and 17?
17
Suppose -18 = -5*s + 2. Suppose s*t - 2*t = 0. Let a be 65/15*(t + 12). What is the greatest common factor of 130 and a?
26
Let d be ((-39)/(-12))/(2/240). Calculate the greatest common factor of d and 20.
10
Suppose -4*c + 2*c + 30 = 0. Let a(w) = 105*w**2 + 3*w - 3. Let i be a(1). What is the greatest common divisor of c and i?
15
Let l be 9/(-18) - 519/(-6). Calculate the greatest common divisor of 774 and l.
86
Let y(x) = x**3 - x**2 - 6*x + 5. Let i be y(3). Suppose 0 = -i*u + 3*a + 100, -3*a = 4*u - 0*a - 53. Calculate the highest common factor of u and 119.
17
Let n be (-36)/(-5 - 1) - (3 + -12). Calculate the highest common factor of 25 and n.
5
Let b be (-280)/196 + (-1196)/(-14). Suppose 37 = -2*v + 121. Calculate the greatest common factor of v and b.
42
Let i be 171/(-114)*80/(-6). Calculate the highest common factor of i and 230.
10
Let l be ((-51)/(-4))/((-65)/40 - -2). Suppose 2*s = 7*s - 280. Let q = s - l. Calculate the greatest common divisor of 33 and q.
11
Suppose -2*y = -5*h + 336 + 235, -3*h + y = -343. Calculate the greatest common divisor of h and 20.
5
Let n = -9 - -14. Suppose -n*u = -4*u - 120. Let z = u + -82. Calculate the greatest common divisor of 57 and z.
19
Let u = 3140 - 3130. Let d = -19 - -34. What is the greatest common factor of d and u?
5
Let w be (-12 + (-3 - 1))*1. Let u = 21 + w. Suppose 2*q = -3*q + u*b + 175, -3*b - 135 = -4*q. What is the greatest common factor of 15 and q?
15
Let o(i) = 124*i - 130. Let y be o(10). What is the greatest common factor of y and 10?
10
Let f(m) = m**3 - 30 - 2*m**3 + 15 - 11*m**2 - 26*m. Let p be f(-8). Calculate the greatest common factor of p and 16.
1
Let z = -75 - -95. Calculate the highest common divisor of z and 160.
20
Suppose -2*y = -4*y + 6. Suppose 2*c = -y*b + 34, c - 47 = 4*b - 8*b. Let t = 9 - 5. Calculate the highest common divisor of t and b.
4
Let s(u) = -26*u + 4. Let a be -2*(0/(-3) - -1). Let t be s(a). Let m be t/10 + (-45)/75. What is the greatest common divisor of m and 2?
1
Suppose -s - 1806 = -4*s - d, -5*s + 5*d + 3030 = 0. Let n = s + -240. Calculate the greatest common factor of n and 33.
33
Let w(p) = -p**2 + 14*p + 16. Let m(h) = 3*h**2 - 23*h + 4. Let d be m(8). Let c be w(d). Calculate the highest common divisor of c and 5.
5
Let s(y) = -60*y - 51. Let a be s(-4). Calculate the greatest common factor of a and 216.
27
Let v = -46 - -48. Suppose -2*k - v*z = -46, z = -0*k - 4*k + 107. Let g = -190 - -414. Calculate the highest common factor of k and g.
28
Suppose 6*o - 16 = 2*o. Suppose 2*p - 3*h - 6 = 0, -4*p + 6*h = o*h + 4. Let c = p - -7. Calculate the greatest common divisor of c and 10.
2
Let j = 1 - 1. Suppose 4*a = -j*a + 2336. Suppose 0 = -5*c + 4*q + a, 2*q - q + 476 = 4*c. What is the highest common divisor of 15 and c?
15
Let z be -30 - 0/(20/5). Let i be z/8*((-480)/9 - 0). What is the greatest common factor of i and 20?
20
Suppose 4*u - 9 - 11 = 0. Suppose a - 6 - 4 = 0. What is the greatest common divisor of a and u?
5
Let b = -866 - -882. Suppose -5*x + 432 = -203. Suppose 0*t = 2*t - 2*z - 126, -z - x = -2*t. Calculate the highest common factor of t and b.
16
Let h(g) = -5*g**2 + g**3 + 5*g**2 + 4*g + 9*g**2. Let f be h(-8). Let i(d) = d**2 - 9*d + 22. Let y be i(6). Calculate the highest common divisor of y and f.
4
Let n = -3 - -7. Let r(j) = -j**2 + 5*j - 4. Let a be r(n). Suppose -5*u + 16 + 19 = a. What is the highest common factor of 7 and u?
7
Let j(w) = -3*w - 3. Let p be j(-5). Let q = -44 + 42. Let r be 21/12 + q - (-13)/4. What is the greatest common divisor of p and r?
3
Suppose 74 + 370 = 6*v. Let r = v - 49. Calculate the greatest common divisor of r and 100.
25
Suppose -5*b = -28 - 1292. What is the greatest common divisor of 24 and b?
24
Let x = 20 - 20. Suppose 2*t + x*p - 60 = -5*p, 0 = -p. Calculate the greatest common factor of 12 and t.
6
Let f = -1249 - -1816. What is the greatest common divisor of 105 and f?
21
Let n = 356 + -191. What is the greatest common factor of 22 and n?
11
Suppose 0 = 3*h - 4*d - 56, -d = -2 + 4. Calculate the greatest common factor of h and 25.
1
Let l = 11 + -2. Suppose -2*v + l = v. Calculate the greatest common divisor of 24 and v.
3
Let z = 13 - 12. Let t(k) = 3*k - 2*k + 0*k - 1 + 4. Let y be t(2). What is the highest common factor of z and y?
1
Let a(t) = -7*t + 65. Let n be a(-8). Calculate the highest common divisor of 11 and n.
11
Let l be -2 + 22 + -4 + 3. Let u be l/(3 - 2 - 2). Let y = 22 + u. What is the greatest common divisor of y and 15?
3
Suppose 3*h = h + 8. Suppose h*o - 4 = 4. Suppose -2*g = -4*g + 28. Calculate the highest common divisor of o and g.
2
Let o be 11*(-18)/(-297) - 1214/(-6). Calculate the highest common factor of 29 and o.
29
Let o(r) = 2*r**2 - r + 7. Let a = 22 + -25. Let y be o(a). What is the greatest common divisor of y and 28?
28
Suppose -8*o + 35 = -3*o - 5*l, 5*l = 3*o - 23. Calculate th